-2. Let c(l) = -3*l + 6. Let h be c(f). Let s(j) = 1 - 2*j - j**3 - 2*j - 7*j**2 + 0*j - 2*j. Calculate s(h).
1
Suppose -m + 2*w - 8 = 0, 8*m - 5*m - 5*w + 21 = 0. Let n(z) be the second derivative of -z**5/20 - z**4/12 + z**2/2 - 3*z. Calculate n(m).
5
Let v(r) = 2*r**3 + 11*r**2 + 15*r - 2. Let m be 1*14/(-4 - 3). Give v(m).
-4
Let p(y) = -y + 6. Suppose 4*s = -4*n + 4, -5*n - 3*s + 8*s = -25. Determine p(n).
3
Let i be 6/(-21) - ((-192)/28)/3. Let a(s) be the first derivative of s**i + 1/4*s**4 - s**3 - 3*s + 6. Determine a(3).
3
Suppose 6 - 1 = -5*j. Let a(v) = 3*v**2 + 8*v**3 - 6*v**3 - v**2 + 6*v**3 - 1. Give a(j).
-7
Let w = 423 + -428. Let s(p) = p**2 + 6*p - 4. What is s(w)?
-9
Let y = 53 - 52. Let n(u) = 0*u - 3 + 1 + 3*u - u**2 - y. Calculate n(2).
-1
Let d(u) = 19*u**3 + 2*u**2 + u - 2. Let o(a) = a - 1. Let w be o(2). Let v be d(w). Suppose -10*f + 6*f - v = 0. Let c(q) = -q - 11. Give c(f).
-6
Let v be (-75)/50*4/3 + 2. Let w(i) be the first derivative of -13 + 1/4*i**4 + 5/3*i**3 + i**2 + v*i. Determine w(-5).
-10
Let u(m) = -m**3 - m**2 + 1. Suppose -j = 4, -3 = x + j - 0*j. Let w be u(x). Let o(i) = -i. What is o(w)?
1
Let j be 1*(-1 - 4)*1. Let s(q) be the third derivative of -q**5/60 - 5*q**4/24 + q**3 + 107*q**2 + q. Calculate s(j).
6
Let n(i) = -3 + 2*i**2 + 2 + 5*i**2 + i. Suppose 2*o = 4*b + 62, -5*o + 48 = -3*b - 2*o. Let w = 16 + b. Calculate n(w).
7
Let b(j) = 21*j**2 + 36*j - 8. Let c(k) = -5*k**2 - 9*k + 3. Let o(r) = 3*b(r) + 13*c(r). What is o(-8)?
-41
Let f(x) = -5*x + 8. Let r(v) = -6*v + 5. Let d(m) = -3*f(m) + 2*r(m). What is d(6)?
4
Let l(r) = 10*r + 472. Let a be l(-47). Let p(j) = 3*j**2 - j + 1. Give p(a).
11
Suppose 5*t + 68 + 27 = 0. Let c = t - -25. Let s(z) = -z**3 + 6*z**2 + 8. What is s(c)?
8
Let a = 9 - 5. Suppose y = -a*y. Suppose -2*l + y*l + 5*c - 9 = 0, 3 = 3*c. Let d(f) = f**2 + 3*f. What is d(l)?
-2
Let d(k) be the third derivative of -k**5/60 - 3*k**4/8 - 5*k**3/3 + 2*k**2 - 11. Suppose 5*y + 20 = 0, -19 = 4*w - 3*y - 3. Give d(w).
4
Suppose -2*v - 11 = -5*q, 0 = -5*v + 8*q - 3*q - 5. Let s(m) = m + 0 + 4 - 4. Calculate s(v).
2
Let j be (0 - 3)*(-4)/6. Let a = 7 + 2. Let s(d) = -20 + 6 - d + 4 + d**2 + a. Calculate s(j).
1
Let h(p) be the third derivative of p**4/12 + 2*p**3/3 - p**2 - 30*p. Give h(6).
16
Let t(f) = f**2 - 3. Let u(a) = -a**2 - 12*a - 19. Let y be u(-10). Let m(h) = -4*h**3 - h**2 + 1. Let d be m(y). Give t(d).
13
Let s(z) = z**2 - 10*z + 3. Let n(g) = -3*g**2 + 29*g - 8. Let c = 21 - 18. Let t(l) = c*n(l) + 8*s(l). Let r = 8 + -2. Calculate t(r).
6
Suppose 5*c = 4*c - 6. Let g(b) = 7*b**3 - 7*b**2 - b + 3. Let n(h) = 19*h**3 - 21*h**2 - 4*h + 8. Let q(z) = -11*g(z) + 4*n(z). Give q(c).
-7
Let i(j) be the third derivative of 0*j + 3/2*j**3 + 0 + 7/360*j**6 + 0*j**4 - 7*j**2 - 1/120*j**5. Let q(c) be the first derivative of i(c). Calculate q(1).
6
Suppose -9 = 10*c - 13*c. Let m(x) = 2 + 9*x - 7*x**2 - c + x**3 - 4. What is m(6)?
13
Let f(d) = -4*d + 4. Let a(p) = 4 - 3 - 1 + 1. Let o(c) = 2*a(c) + f(c). What is o(4)?
-10
Let y(p) = p**3 + 12*p**2 + p + 7. Suppose -5*l = -3*d + 69, 0 = 115*l - 113*l + 2*d + 18. What is y(l)?
-5
Let o(w) be the first derivative of -2*w**3/3 - 7*w**2/2 - 6*w - 409. Give o(-5).
-21
Let l(f) = -5*f**2 + f - 8. Let a(x) = 5*x**2 - 2*x + 9. Let h(n) = -4*a(n) - 5*l(n). Calculate h(-3).
40
Let s(o) = -3*o - 9. Suppose -2*y - 8 = 2*t, y + 3*y + 11 = -3*t. Calculate s(t).
6
Let s(m) = m**2 - 12. Suppose 55*k = -409 + 24. Calculate s(k).
37
Let y(i) = -i**3 + 35*i**2 - 21*i - 3. Let v(o) = 3*o**2 - o + 1. Let b(g) = -7*v(g) + y(g). Determine b(13).
-23
Let t(k) = k**2 - 1. Let v(i) = -i**3 + 4*i**2 - 4*i - 5. Let z(o) = -3*t(o) - v(o). Let x be -1 + 14/10 + 868/155. Determine z(x).
-4
Let c be (-4)/18 + 22/18. Let i = -6 + c. Let k(b) = b**2 + 12*b + 5. Let p(v) = -v**2 - 11*v - 4. Let z(y) = 5*k(y) + 6*p(y). Determine z(i).
6
Let x(o) = o**2 + 8*o. Let h = -304 + 175. Let r = -135 - h. Give x(r).
-12
Suppose 3 = -15*f + 18*f. Let a(r) = 17*r**3 + r**2 - 2*r + 1. Determine a(f).
17
Let f(t) = -3*t - 1. Suppose -4*x + 3 = -3*d + 29, -17 = -d + 3*x. Suppose -p + 0 = d. Calculate f(p).
5
Let z(x) = 6*x - 16. Suppose 0 = -5*g - 4*y + 15, 0 = 3*g - 2*y - 9 - 22. Calculate z(g).
26
Let x(c) = 36*c**3 - 3*c + 8 - 35*c**3 + 2*c. Give x(0).
8
Suppose b - 9 = -2*b. Let f(y) = 1 + 0*y + 0*y + 2*y - y**2 + b. Let z be 3/(-9) + 16/3. What is f(z)?
-11
Let j(t) be the second derivative of -4*t + 3/2*t**2 + 1/3*t**3 + 1/12*t**4 + 0. Determine j(-2).
3
Let p(m) be the third derivative of -m**6/120 + m**5/20 + 5*m**4/24 - m**3/3 - 64*m**2. Give p(4).
2
Let i(w) be the first derivative of -w**2/2 - 6*w - 218. Determine i(-4).
-2
Let p(o) = o**3 - 10*o**2 - 3. Suppose c + 4*h - 8 = -3*c, 2*c = 2*h + 12. Suppose 5*g - 24 - 22 = -4*s, c*s + 24 = 2*g. Give p(g).
-3
Let l(s) = 5*s**2 + 1593*s**3 + 1602*s**3 - 3196*s**3 + 3*s - 2. What is l(6)?
-20
Let b(w) be the third derivative of -w**4/12 - w**3/3 - 40*w**2. Calculate b(7).
-16
Let v(r) be the first derivative of 2*r**3/3 + 7*r**2/2 - 12*r + 374. Give v(-5).
3
Let u(y) = 5*y. Let v(r) = r**3 - 6*r**2 - r + 3. Let z be v(6). Determine u(z).
-15
Let d(u) = -15 + 58*u - 23*u - 34*u. Suppose 5*s + 50 = 5*k, -5*k + 4*s = -3*k - 20. What is d(k)?
-5
Let n(k) = k + 1. Let s(t) = -6*t - 6. Let d(f) = -39*n(f) - 6*s(f). Let i(m) = -10*m - 9. Let p(z) = 7*d(z) - 2*i(z). Suppose -c = 3*c. Calculate p(c).
-3
Let g(b) be the second derivative of -b**5/20 - 2*b**4/3 + b**3/6 + 7*b**2/2 + 3*b + 16. Determine g(-8).
-1
Let p(r) = 5*r**2 + 0*r**2 - r**3 - r**2 - 2 - 2. Suppose -12*i = -15*i + 9. Give p(i).
5
Let t(m) = 2*m**2 + 10*m + 6. Let y be t(-6). Let l = y + -38. Let i = 16 + l. Let j(q) = q**2 + q - 3. What is j(i)?
9
Let y(b) = 6*b. Suppose 2*r = r + 51. Let p = 53 - r. Calculate y(p).
12
Let z(w) = -3*w**2 + 2*w - 1. Suppose 8 = 5*y + j - 0*j, -j = 3*y - 4. Let m be (-1)/y + (-69)/(-46). What is z(m)?
-2
Let m(b) = 29*b - 53. Let x(z) = -70*z + 132. Let a(k) = -12*m(k) - 5*x(k). Calculate a(7).
-10
Let f(h) = -2*h**3 + 16*h**2 + 25*h - 3. Let p(w) = w**3 - 8*w**2 - 13*w + 1. Let y(x) = 3*f(x) + 5*p(x). Determine y(9).
5
Let g(y) be the first derivative of -y**4/4 + 11*y**3/3 + 11*y**2/2 + 13*y - 9. Determine g(12).
1
Suppose -4*u + 5 - 21 = 4*d, -2*u + 3*d + 12 = 0. Let g(v) = v + 12. What is g(u)?
12
Suppose 154 = 12*g + 82. Suppose 4*b - 5*u - 3 + 20 = 0, -u + 13 = 4*b. Let n(r) = 3 + 1 - r - b. Give n(g).
-4
Let z(f) = -f - 6. Suppose -3*o - 3 = 2*c, -c + 3 = 4*o - 3. Let g be z(c). Let t(d) = 7*d**3 - 3*d**3 - 3*d**3 + 9 - d + d**2. Determine t(g).
9
Let i(k) = k**3 + k**2 - k + 10. Let s(v) be the third derivative of -v**4/24 - 7*v**3/6 + 6*v**2. Let g be s(-4). Let n be (-3 - g)/(-1 + 2). Calculate i(n).
10
Let v = 44 + -42. Let o(t) = 37*t**2 - 38*t**2 + 7 - t - v*t - 2*t. Give o(-6).
1
Let o(i) be the third derivative of i**5/60 + i**4/3 + 2*i**3/3 + 2*i**2. Let u be o(-8). Let t(k) = -3 - 2*k - u*k - 4*k - k**2 + 4*k. Determine t(-6).
-3
Let y(c) = -c**2 + 5*c - 8. Let n(t) = 1. Suppose 25 = -6*x - 11. Let u(g) = x*n(g) - y(g). What is u(4)?
-2
Let s(y) = -13*y**3 + y**2 - 2*y + 1. Let c(u) = -2*u**2 - 6*u + 7. Let t(a) = 2*a**2 + 5*a - 6. Let i(q) = 4*c(q) + 5*t(q). Let h be i(1). Determine s(h).
-13
Let g(k) = -k**2 + 3*k + 3. Let h be (8/2)/(17/((-68)/8)). Let y = 5 + h. What is g(y)?
3
Let c(z) = z**3 + z**2 - 11*z + 7. Let h be c(-5). Let l = -37 - h. Let i(x) = -7*x**3 + x**2. Give i(l).
-6
Let z be (44/(-14))/(48/168). Let b(x) = -x**3 - 11*x**2 - x - 8. Calculate b(z).
3
Let n(v) = 22 + 21 - 5*v + 23 + 2*v - 96. Give n(-6).
-12
Suppose 10*k = -10*k + 40. Let q(b) = 4*b**2 + 2*b - 5*b**2 - b + 2. Determine q(k).
0
Let d(g) = 5*g - 45. Let m(h) = 15*h - 131. Let f(w) = -17*d(w) + 6*m(w). Calculate f(6).
9
Let k be -5*(-1 - 2/(-10))*1. Let z(u) = -5*u + 2*u - k*u + 0*u. Calculate z(1).
-7
Let w(b) be the first derivative of -5*b**2/2 + 17*b + 372. What is w(6)?
-13
Suppose 0 = -3*q - 5*i + 9, -6*q + 2*q + 2*i + 12 = 0. Let c(p) = -p**2 + 4*p - 1. Determine c(q).
2
Let p = -157 - -155. Let q(n) = -7*n - 2. Give q(p).
12
Let i(h) = 3*h**2 - 78*h - 76. Let z be i(27). Let t(a) = 6*a - 3. Calculate t(z).
27
Let u(g